f -3*y**3/2 + 13*y**2 + 4625*y. Determine i(9).
-55
Let h(k) = 13*k**3 - 8*k**2 - 17*k + 3. Let d = -552 - -549. Let n(q) = -10*q**3 + 8*q**2 + 16*q - 5. Let y(o) = d*h(o) - 4*n(o). Calculate y(9).
-25
Suppose -5*x - 46 = -q, -10*q + 5*x = -14*q - 66. Suppose 2*b - b = 3. Let w(g) = 5*g**2 - 1 + g**b + g + g + 2. What is w(q)?
9
Suppose -4*s - 5*k + 300 = 0, -3*s + 2*k = -2*s - 75. Let i(m) = -4 - 29*m + s*m - 26*m - 21*m. Calculate i(-9).
5
Let r(b) = -8 + b + 2 + 0*b. Let q = -31 + 56. Suppose -542*x = -547*x + q. Give r(x).
-1
Let b(u) = -2*u**2 - u + 9. Let r(h) = 2*h**2 + 14*h - 6. Let t(n) = 3*b(n) + r(n). Give t(-5).
-134
Suppose 0 = -6*f + 198 + 306. Let b = -36 + f. Let c(i) = i - 55 + 27 + b. Calculate c(0).
20
Let k(z) be the first derivative of -4*z**2 - 1/3*z**3 + z + 252. Give k(-9).
-8
Let h(t) = 6*t + 3. Let a(s) = -s - 1. Let n(d) = 5*a(d) + h(d). Let o be n(5). Let r(y) = o*y + 2 - 4 + 2 - 5. Determine r(5).
10
Let w(d) be the third derivative of d**5/60 + 7*d**4/8 - 5*d**3 - 8146*d**2. Calculate w(-24).
42
Let j(b) = b**2 + 8*b - 7. Let v be ((-60)/(-35))/(2/21). Suppose 0 = v*h + 171 - 9. Give j(h).
2
Let a(i) = -i**2 + 15*i + 18. Let w be a(16). Let s be (10/(-25) + w)*25/10. Let q(m) = -2*m - 1. Give q(s).
-9
Let n = -11 + 2. Let m(u) be the third derivative of u**6/120 + 3*u**5/20 + u**4/24 + 5*u**3/3 - 44*u**2 - 168. Calculate m(n).
1
Let u(j) = 6*j + 5. Let r(x) = -4*x - 1. Let q(h) = -8*r(h) - 7*u(h). Calculate q(-13).
103
Suppose 3*u - 4 = -7, 0 = -2*z + 3*u + 13. Suppose -3*l = z*r - 0*r, 2*l = -5*r. Let h(n) = 447*n - 455*n + r + 1. Give h(1).
-7
Let h(x) be the first derivative of x**4/4 + 14*x**3/3 - 6*x**2 + 26*x + 599. Give h(-15).
-19
Suppose -9*o + 13*o - 2*y = -366, -4*y - 158 = 2*o. Let g = 97 + o. Let z(a) = -3*a**3 + 3*a**2 - 4*a**3 - 11 + 6*a**2 + 6*a**3 - 6*a. Give z(g).
5
Suppose o + 4 = -1, -5*v - o = -65. Let r be 48/v + 2/14*-3. Suppose 4*c = 3*x + 2, c - r*x = 4*c - 12. Let a(w) = 2*w + 1. What is a(c)?
5
Let u(v) = 4*v - 3. Let r(x) = -2*x**2 + 167*x - 1223. Let d be r(8). Determine u(d).
-63
Let x = 3 - 2. Let l(u) be the third derivative of 1/12*u**4 + 0*u - 1/6*u**3 + 1 - 3/20*u**5 - 10*u**2. Determine l(x).
-8
Let o(a) be the first derivative of a**3/3 + 10*a**2 + 82*a - 3320. Calculate o(-13).
-9
Let v(a) = 13 - 3*a - 4*a - 2*a + 20*a - 12*a. Suppose 3*i = -0*i - 5*b, -2*b - 11 = -i. Suppose i*h - 28 - 17 = 0. What is v(h)?
4
Let k be -9 + 63/9 + 1 + 1. Let j(h) be the third derivative of -1/12*h**4 + 0*h - 9*h**2 + 1/120*h**6 - 2/3*h**3 - 1/30*h**5 + k. Determine j(3).
-1
Let k(q) = q**2 + 7*q - 4. Let d(x) = -2*x - 15. Let a(v) = 9*v + 62. Let i(l) = 6*a(l) + 26*d(l). Let h be i(7). Calculate k(h).
-16
Suppose 5*z + 7*x - 25 = 2*x, -4*x + 21 = 5*z. Let i(w) = 5 - 8 + z + 1 + 7*w. Suppose -8*u = -3*d - 6*u - 5, -u = -3*d - 1. What is i(d)?
6
Let x = -114 + 119. Let w(i) be the second derivative of -i**4/6 + 5*i**3/3 + 5*i**2/2 - 10*i. Determine w(x).
5
Suppose 7 = 3*p + 5*h - 7, -p + 3*h = 0. Let u be (6/(-8))/p + 567/12. Let g(m) = u*m - 4 - 2*m**2 - 27*m - 27*m. Determine g(-4).
-8
Let l(w) = -2*w - 37. Suppose 4*z + 4*i + 48 = 0, z + 5*i = 2*z + 30. Determine l(z).
-7
Let d(t) = -420*t - 425*t - 1 - 4 + 1693*t - 412*t - 429*t. Suppose 11 = -3*r - 16. Let p be r/(-2) + 1/(-2). What is d(p)?
23
Suppose -5663*x + 5653*x = -160. Let h(t) = t**2 - 15*t - 30. What is h(x)?
-14
Suppose -436*w = -434*w. Let c(n) = 2*n**3 + 3*n**2 - 3*n + 9. What is c(w)?
9
Let a be 0 - 5 - 4/20*5. Let d be 5/2*a/(-15)*-6. Let l(p) = -p + 1. Let i(h) = -4*h + 13. Let r(o) = -i(o) + 6*l(o). Calculate r(d).
5
Let z be (-56)/(-26) + -2 + 282/26. Let o(a) = -8*a + 0*a + z*a - 3*a + a. Let k = -5 + 5. Determine o(k).
0
Suppose 19 - 39 = -5*s - t, 0 = 5*t - 25. Let f(g) = 3*g + 21. Calculate f(s).
30
Let l(o) = -2*o**2 - 2*o + 1. Let p(i) = 13*i**2 + 19*i - 24. Let u(g) = 6*l(g) + p(g). What is u(-8)?
-10
Let f be (-3)/(-6)*40/(-4). Suppose 15*h + 10 = 20*h. Let c(y) = 1 + y**3 - y**h + 10*y**2 + 9*y**2 - 13*y**2. What is c(f)?
1
Let c = -99 + 103. Suppose -c + 0 = -2*x, -q = -3*x + 4. Let u(d) = 2 - 3*d**q - 2*d + 62*d**3 - d**2 - 61*d**3. Determine u(4).
-6
Let f(z) be the second derivative of 0 - 18*z + 23/6*z**3 + 0*z**2. Suppose 14*h + 3 = -11. Give f(h).
-23
Let i be (-2*(-1556)/16)/(2/(-4)). Let g = 384 + i. Let t(m) = -m**2 - 4*m - 2. Determine t(g).
-7
Let d(v) = 2*v**2 + 19*v + 8. Let b be d(-9). Suppose -3325 = -11*t + 921. Let z(m) = -m + 387 - t + 2*m. Determine z(b).
0
Let l(q) be the second derivative of q**5/5 + q**4/6 + q**3/3 + q**2/2 - 51*q. Suppose -6*m + 0 - 6 = 0. Calculate l(m).
-3
Suppose h = -u + 5, 4*u - 3*u + 3 = 3*h. Let i(a) = -689*a - 1 + 3*a**h - 7*a**3 + 690*a - 2*a**2. Let g(w) = w - 2. Let x be g(3). Calculate i(x).
-6
Let y(g) = -34*g**2 + 3*g + 10. Let c(u) = -57*u**2 + 7*u + 20. Let z(t) = 3*c(t) - 5*y(t). Calculate z(8).
-6
Let j(m) = -41*m + 5*m**2 - m**3 - 3*m**2 + 57*m - 9. Let n be j(5). Let a(s) = -2*s**2 + s**2 - 3*s + 2 + 0*s**2. Calculate a(n).
-2
Let v be (-48)/(-6) + -10 - (-10 - -2). Let b(s) = s**3 - 6*s**2 - 5*s + 8. Calculate b(v).
-22
Let y(t) = -t + 3. Let w be y(5). Let m(f) = -21 - 41768*f + 20 + 41751*f. Give m(w).
33
Let z(m) = 39*m**2 - 320*m + 962*m - 321*m + 1 - 319*m. Determine z(-1).
38
Let h be (1 - (-8)/(-6))*(19 - 28). Let j(n) = -3*n + 17*n**2 - 13*n**2 - n - 19 + 20 - n**h. Calculate j(3).
-2
Suppose 43313 = 14*t + 43523. Let v(g) be the second derivative of g**5/20 + 4*g**4/3 + 5*g**3/2 + 4*g**2 + g. Calculate v(t).
8
Suppose -5*g - 17 = -5*z + 108, 5*g + 4*z + 125 = 0. Let f be (-148)/g + 30/375. Let s(m) = -2*m + 6. Give s(f).
-6
Let a = 566 + -565. Let d(h) = -4*h**3 + 2*h**2 - 6*h + 5. Let q(u) = -u**3 - u**2 + u - 1. Let t(k) = d(k) + 2*q(k). Determine t(a).
-7
Let q(i) = 69*i**2 - i + 20. Let d(c) = -c**2 + 5. Let m(j) = 4*d(j) - q(j). Give m(1).
-72
Let u(c) be the first derivative of c**4/2 - c**3 - c**2 - 3*c + 1321. Give u(4).
69
Suppose 4*j - 5*r = 113, -5*j + 76 = r - 87. Suppose j*s = 25*s + 161. Let p(u) = 9*u + 4*u - 6*u - 22*u**3 - 3 + s*u**3 + 8*u**2. Calculate p(-7).
-3
Let g(t) = 3*t**3 + 396*t**2 + t + 137. Let c be g(-132). Let m(y) be the second derivative of 4*y**3/3 - 7*y**2/2 + y. What is m(c)?
33
Let z(f) = -f**2 - 13*f - 3. Let p = -129 + 124. Give z(p).
37
Let x(j) = 178*j - 347. Let s = 31602 - 31600. Calculate x(s).
9
Let h(r) be the second derivative of -1/12*r**4 + 0*r**3 + 28*r + 2 + r**2. What is h(3)?
-7
Let t(u) = -u**2 - 27*u - 26. Let i(q) = 1360*q + 1334. Let v be i(-1). Determine t(v).
0
Let b(n) be the first derivative of -3*n**2/2 - 24*n - 12. Suppose 0 = -61*l + 67*l + 3*a + 39, -a = 3*l + 20. Give b(l).
-3
Suppose -21 - 93 = i. Let n = -81 - i. Suppose -5*f + n = -5*a + 3, -5*f = -2*a - 24. Let x(l) = 2*l**2 - 2*l + 1. Determine x(a).
13
Let l(v) = v**2 + 50. Let u = 48 + -48. Let n be l(u). Let g(d) = n*d + 6 - 25*d - 24*d. Give g(-7).
-1
Suppose -2*a = -a + 12. Let b be a/(-9)*(-6 - -3). Let u(p) = -13*p - 11. Let c(f) = -37*f - 32. Let o(n) = 6*c(n) - 17*u(n). What is o(b)?
-1
Let o = 263 + -108. Let v(u) = 5 + o*u**2 - u**3 + 157*u**2 - 321*u**2 + 9*u. What is v(-10)?
15
Let m(y) = 3*y**2 + 11*y + 3. Let a(d) = d**2 + 2*d - 1. Let g(u) = -4*a(u) + m(u). Let v(l) = -l**3 - 19*l**2 - 35*l - 12. Let x be v(-17). What is g(x)?
-3
Let b = -5 - -4. Let k be 0*(2/4 + b). Let d(r) = 27 - 7*r**3 - 11 + 2*r + 6*r**3 - 2*r. Give d(k).
16
Let o(y) = -y**3 - 14*y**2 - 36*y - 6. Suppose -14*t - 60 = 94. Calculate o(t).
27
Let d(s) = 11*s + 1. Suppose a = -4*k + 5, -2*a + 10 = 5*k - 0*k. Suppose 3*r - 26 - 16 = k. Let o be (-18)/r - -1 - 15/21. Give d(o).
-10
Let z = 44 + -96. Let w = 54 + z. Let j(p) = -3*p**3 + 5*p**3 - p - p**3 + 1 - p**w. Give j(1).
0
Let k(j) = 316*j + j**2 - 8 - 688*j + 362*j. Suppose 3*z + 1 = 25. What is k(z)?
-24
Let o = -7 + 4. Let g(i) = -18*i - 37. Let z(b) = -11*b - 19. Let x(d) = o*g(d) + 5*z(d). Calculate x(15).
1
Let g(v) be the second derivative of -v**5/20 - 7*v**4/6 - 22*v**3/3 - 25*v**2 - v + 1031. What is g(-10)?
-10
Let v(c) = -c**2 + 6*c - 3. Let q(m) = 9*m + 1. Let z be q(1). Suppose 0 = -h + z - 6. What is v(h)?
5
Let v be -8*(5 + -11 - -4)/4. Suppose -19 = v*r + 1, 0 = q +